= 10 - 16. Let s(n) = n**2 - 1. List the prime factors of s(i).
5, 7
Let q = 92 + -50. List the prime factors of 4/14 - (-954)/q.
23
Suppose 0 = -5*n + 127 + 233. What are the prime factors of n?
2, 3
Let r = 95 - -19. What are the prime factors of r?
2, 3, 19
Suppose -v + 0*b - b = 1, -5*v + 4*b - 50 = 0. Let l = v + 10. List the prime factors of l.
2
Suppose 2*y = -0*x - x, -4*y = 4*x. Suppose -2*n - c = -x*c - 35, -2*n = 3*c - 33. What are the prime factors of n?
2, 3
Suppose -2*a = -t + 58, 3*a + 59 = 4*t - 3*t. List the prime factors of t.
2, 7
Let z(j) = -37*j**3 + 2*j + 1. Let n be z(-1). Suppose -5*p + n = -2*p. List the prime factors of p.
2, 3
Let u be 12/30 + (-3438)/(-5). Let x be u/20*(-15)/(-2). What are the prime factors of 3/(-4) - x/(-24)?
2, 5
Suppose -2*w = 6, -3*q - 3*w + 166 = 2*q. What are the prime factors of q?
5, 7
Suppose 4*q - o - 11 = -0*q, 4*q - 5*o - 7 = 0. Let w be (-2)/8 + 13/4. Suppose -2*l - 32 = -q*g - 6*l, -13 = w*g - 5*l. What are the prime factors of g?
2
Suppose 10*n - 2*x = 7*n + 987, 1311 = 4*n - x. List the prime factors of n.
3, 109
Suppose 0 = a + 4*a + t - 39, -5*t + 13 = -a. Suppose 4*s = 16, 0*j - j = -3*s + a. What are the prime factors of j?
5
Let i(c) be the third derivative of c**5/60 + c**4/3 + 5*c**3/6 + 3*c**2. Let z be i(-6). Let b = z + 12. What are the prime factors of b?
5
Suppose 45 + 875 = 5*l. List the prime factors of (-9)/(-15) + l/10.
19
Suppose 3*y + 107 = 4*w + 2*y, 0 = 4*w - 3*y - 113. List the prime factors of w.
2, 13
Suppose -c = 4*b, -4*c = -4*b + 2*b - 18. Suppose -4*m = -16, -35 = -j - 2*j + m. Suppose -6*o + 5*o = c*n - j, 5*o + 7 = 4*n. What are the prime factors of n?
3
Let s(x) = x**3 + 4*x**2 + 5*x + 4. Let m be s(-3). Let z(h) = 8*h**2 + h. List the prime factors of z(m).
2, 3, 5
Let r = 1 + -1. Let o(f) = 1 + 3*f - 3*f**2 + 3*f**3 - 4*f**3 + r*f. What are the prime factors of o(-4)?
5
Suppose 0*l - 5 = l, 3*l = 5*h - 15. Suppose -q + 3*q - 14 = h. What are the prime factors of q?
7
Let x(d) = -d**2 - 5*d - 4. Let p be x(-3). Suppose 0 = -3*j, p*j + j - 6 = -2*t. What are the prime factors of t?
3
Let l be (1 - -27)*(-4 + 3). Let k = 41 + l. What are the prime factors of k?
13
Let h = 14 + 7. Let b = h + -8. List the prime factors of b.
13
Let l = -85 - -60. Let k = l + 41. Suppose x - k = -3. What are the prime factors of x?
13
Suppose 5*g = -5*g + 3720. List the prime factors of g.
2, 3, 31
What are the prime factors of ((-68)/(-12))/((-1)/(-3))?
17
Let n(c) = 6*c + 6. Let a(h) = 3*h + 3. Suppose 0 = 5*v - 26 + 1. Let l(m) = v*a(m) - 3*n(m). List the prime factors of l(-2).
3
Suppose -3*q - 2*m = -21, q - 2*m - 15 = -0*q. Let w = q + -5. List the prime factors of w.
2
Suppose -2*b = b - 9. Suppose -b*n + 0 + 8 = i, 2*i = -4*n + 16. List the prime factors of i.
2
Suppose 5*d = 4*a + 44, 3*a + 2*d + 4 = a. Suppose -9 = 2*r + r. List the prime factors of ((-8)/a)/(-2)*r.
2
Let i(w) = -4 - 6*w - 3*w**2 - 2 + 5*w**2. Let s be i(5). What are the prime factors of 132/21 + (-4)/s?
2, 3
Let i be (-2)/(-5) + (-96)/(-10). Suppose -b - 2*b - c + i = 0, 2*b = -4*c + 10. List the prime factors of b/((-3)/30*-6).
5
Let y = 21 + 18. List the prime factors of y.
3, 13
Suppose 2*x - 5*j = -0*x + 81, 165 = 5*x - 5*j. What are the prime factors of x?
2, 7
Suppose 0 = -2*a + 2, 0 = -9*d + 4*d + 3*a + 17. Suppose -d*n = -n - 12. What are the prime factors of 2/n*0 + 12?
2, 3
Suppose 3*z - 2 = 22. Suppose 2*m - 2 = -3*i, 4*m + 5*i = -m + 10. Suppose m*c = 3*v - z*v + 53, 2*v = 5*c + 8. List the prime factors of v.
3
Suppose 5*y = 5, -2*q - y = -33 - 12. What are the prime factors of q?
2, 11
Suppose -10 = -3*g + 4*a, 3*a - 9 = -2*g + 9. Let h = g - 3. Suppose h*u - 10 = 2*u. List the prime factors of u.
2, 5
Let j = 285 + -98. List the prime factors of j.
11, 17
Suppose -12 = -5*o + 3. Suppose 0*u + 26 = 3*u - p, -30 = -3*u + o*p. List the prime factors of u.
2
Let v = -33 + 63. Suppose -y = -2*y + v. Suppose 5*o = 2*o + y. What are the prime factors of o?
2, 5
Let x = 16 + 2. Let t = 10 - 20. Let f = t + x. List the prime factors of f.
2
Let y = 0 + 11. Let z = -22 + y. List the prime factors of ((-3 - -2) + 0)*z.
11
Let y(q) be the second derivative of q**5/20 + q**4/3 + q**3/2 - 2*q. Let u be y(-3). Suppose u*m - 6 = -2*m. What are the prime factors of m?
3
Suppose -d = d + 8, -5*y - 43 = -3*d. Let o be (21/4)/(3/12). Let n = o + y. What are the prime factors of n?
2, 5
Let q(t) = 11*t**2 - t + 2. Let n be q(2). Let g = n - 21. What are the prime factors of g?
23
Suppose -5*j = 1 + 4. List the prime factors of 4 + -4 + (7 - j).
2
Let y(f) = -f**3 + 8*f**2 + 10*f + 3. List the prime factors of y(7).
2, 61
Let m(j) = j**3 - 2*j**2 - j + 5. Suppose -3*w = -7*w. List the prime factors of m(w).
5
Let l(v) = -v**2 + 2. Let n be l(0). Let h = n - -4. Suppose h - 1 = p. List the prime factors of p.
5
Suppose 3*c + 234 = -0*c. Let g = -38 - c. List the prime factors of g.
2, 5
Let q be 136/(-22) + (-6)/(-33). Let m(d) = 5 - 4*d**2 - d**2 - d**3 + 0*d + 6*d. List the prime factors of m(q).
5
Let n(v) = v**2 - 7*v + 6. Let o be n(6). Suppose o = p + p - 20. List the prime factors of p.
2, 5
Suppose 0*m = -3*m + 9. Suppose p = -4*y + 259, -3*y - 2*p = m*p - 190. Suppose 4*i + i - y = -4*q, -2*i = -4*q + 2. List the prime factors of i.
3
Let p(d) = -d - 3 + 10*d - d**2 - 3. List the prime factors of p(4).
2, 7
Let v = 13 - 13. Suppose 4*p + 4*r - 64 = 0, 2*p + 2*r - 5*r - 7 = v. List the prime factors of p.
11
Let j = -2 + 44. What are the prime factors of j?
2, 3, 7
Suppose 19 = 2*k + 7. Let f = 12 - k. List the prime factors of f.
2, 3
Suppose 5*f - g - 63 = 0, 0 = -2*f + 5*g - 0*g + 39. Let n(p) = p**2 - 9*p + 12. List the prime factors of n(f).
2, 3
Let u be ((-3)/(-5))/((-2)/(-10)). Suppose -5*g + u*g = r + 4, -5*g - 6 = 2*r. What are the prime factors of ((-13)/4)/(2/r)?
13
Suppose 2 - 12 = -5*b. List the prime factors of b.
2
Suppose 5*u - 44 = 31. Let g = -12 + u. List the prime factors of g.
3
Let y = -6 - -8. Suppose y*u = -u + 12. Suppose -3 = -u*n - w + 3, -2*n + 4*w = -12. What are the prime factors of n?
2
Let n(p) be the first derivative of 2 + 4/3*p**3 + 1/4*p**4 - 1/2*p**2 - 4*p. List the prime factors of n(-3).
2
Let v = 9 + 38. List the prime factors of v.
47
Let y(p) = -p**3 + 6*p**2 - 7*p + 5. Let m be y(5). List the prime factors of 1 - 3/3*m.
2, 3
Let p = 48 + -12. Suppose 0 = 4*d - 0 - p. List the prime factors of d.
3
List the prime factors of 4/18 + -2 + (-2275)/(-9).
251
Let m(c) = c**2 + 3*c - 16. What are the prime factors of m(-7)?
2, 3
Let w = 80 + -51. Suppose g + 2*s = -3*g + 66, 2*g = -5*s + w. List the prime factors of g.
17
Let k(h) = -h**3 + 4*h**2 + 7*h - 4. Let b(a) = 2*a**2 - a - 1. Let i be b(2). Let j be k(i). Suppose -x + 0*x + j = 0. What are the prime factors of x?
2, 3
Suppose 10*u - 745 = 5*u. What are the prime factors of u?
149
Let w = 1 + 0. Suppose 3*f - 8 = -4*b, -5*f - w = -3*b + 5. Suppose 3*c - 45 = -3*r, 6*c - 2*c + b*r = 54. List the prime factors of c.
2, 3
Let m(g) = g**3 + 3*g**2 - g - 4. Let x be m(-2). List the prime factors of (3 - x/2) + 6.
2
Suppose 11 = -3*s - o, 4*s + 7 = 3*o - 12. Let l be ((-10)/s - 2)*0. Suppose 3*q + q - 16 = l. What are the prime factors of q?
2
Suppose -16 = -l - 4*t, 40 = 4*l + 4*t - 0*t. Suppose 0 = v + 3*y, 0*v + 3*v = -y + l. List the prime factors of v.
3
Let o(u) be the second derivative of u**3/3 - 3*u**2 + 3*u. Let i be o(5). Suppose 2*l + 22 = 5*c + i*l, 4*c = -4*l + 8. List the prime factors of c.
2, 3
Let h = -1 - -5. Let p = h + -2. Suppose -4 + 12 = p*n. What are the prime factors of n?
2
Suppose -5*o = -5*v - 10 - 5, -5*v = 0. Suppose 3*h + 6 = -2*l, -3*l + 0*h - 6 = o*h. Suppose -2*a - 8 + 28 = l. What are the prime factors of a?
2, 5
Suppose -3*i - 2*m = m - 120, 3 = m. List the prime factors of i.
37
Suppose -4*z = -2*z - 28. Let l = 10 - z. Let c = l - -7. List the prime factors of c.
3
Let c(g) be the second derivative of -g**4/12 + 13*g**3/6 + 3*g**2 + 4*g. What are the prime factors of c(7)?
2, 3
Let j = -17 - -30. List the prime factors of j.
13
What are the prime factors of 454/10 + 20/(-50)?
3, 5
Let u be (-10)/(-45) + (-1418)/(-18). Suppose u = -4*c + 419. Suppose 2*x + 0*w = -4